is be - 4?
ba
In base 7, what is -2 - 416?
-421
In base 15, what is -a - -c?
2
In base 6, what is 2 + 1020?
1022
In base 16, what is b - 2f?
-24
In base 9, what is 20 + -533?
-513
In base 4, what is 2123 - 23?
2100
In base 8, what is 5 - -33?
40
In base 2, what is 1011011 + -11?
1011000
In base 13, what is 4 + 28?
2c
In base 11, what is 8 + 35?
42
In base 3, what is -1200101 + -2?
-1200110
In base 5, what is -40 + 121?
31
In base 6, what is 134441 - 5?
134432
In base 2, what is -11111011 + -100?
-11111111
In base 6, what is -3 + -4405?
-4412
In base 15, what is 256 - -a?
261
In base 7, what is -4 - -122?
115
In base 14, what is -4d - -7?
-46
In base 4, what is 20230 - -1?
20231
In base 11, what is 5 - -193?
198
In base 2, what is -11110 + -101001?
-1000111
In base 13, what is 14 + 2b?
42
In base 11, what is 3354 - -5?
3359
In base 14, what is a3 + a?
ad
In base 13, what is -207a + 1?
-2079
In base 2, what is 11 + -111101?
-111010
In base 5, what is 3021 + -10?
3011
In base 13, what is -5 + -1a7?
-1ac
In base 3, what is 20 + -2222001?
-2221211
In base 16, what is 8cf + -5?
8ca
In base 12, what is 46 - 1?
45
In base 3, what is -2012211 - -2?
-2012202
In base 13, what is -1 - -1a?
19
In base 5, what is -421143 + 2?
-421141
In base 15, what is -488 - 0?
-488
In base 10, what is -2268 + 5?
-2263
In base 8, what is 5 + 42?
47
In base 11, what is -4 - 1169?
-1172
In base 16, what is 5 + 466?
46b
In base 16, what is -3 + 2d1?
2ce
In base 7, what is -145 + -16?
-164
In base 5, what is -1 + -1131?
-1132
In base 7, what is 112 + -5?
104
In base 2, what is 101001 - 11101?
1100
In base 3, what is -122012022 - 10?
-122012102
In base 4, what is 11131 + -11?
11120
In base 13, what is -77 - -9c?
25
In base 15, what is -808 - -2?
-806
In base 9, what is 683 + -2?
681
In base 8, what is -2364 - 4?
-2370
In base 11, what is 960a + 3?
9612
In base 3, what is -11211 + 201?
-11010
In base 13, what is -1 + b?
a
In base 6, what is -1 + -12?
-13
In base 12, what is -70 + 32?
-3a
In base 9, what is -335 - 0?
-335
In base 14, what is -50 - 34?
-84
In base 4, what is -1 + -1?
-2
In base 7, what is -141 - -4?
-134
In base 16, what is c + -20?
-14
In base 14, what is -b751 - -2?
-b74d
In base 16, what is 3 - -3d5?
3d8
In base 4, what is 100 + 2111?
2211
In base 12, what is 206 - 5?
201
In base 16, what is 3 - 46?
-43
In base 4, what is -330302 - 11?
-330313
In base 7, what is 42 + -5?
34
In base 5, what is 4404 - -112?
10021
In base 10, what is 6 - -259?
265
In base 7, what is 23 + -21?
2
In base 12, what is 15 - 13?
2
In base 5, what is -1214 + 3?
-1211
In base 5, what is -312 + -303?
-1120
In base 16, what is b - 14?
-9
In base 3, what is 1 - -20102?
20110
In base 11, what is -156 - 1?
-157
In base 11, what is 10 + 12?
22
In base 12, what is -6ba + 30?
-68a
In base 11, what is 35 - 6?
2a
In base 4, what is 132 - 1?
131
In base 2, what is 11 - -110110111?
110111010
In base 11, what is 46 - 1?
45
In base 11, what is -374 + 8?
-367
In base 16, what is 595 - 2?
593
In base 11, what is -aa4 - -3?
-aa1
In base 9, what is -33 + -312?
-345
In base 2, what is 11 + 10010000010?
10010000101
In base 16, what is -1 + ea2?
ea1
In base 15, what is 850 - -5?
855
In base 8, what is -1052 - 5?
-1057
In base 10, what is 66 + -8?
58
In base 12, what is -501 - 4?
-505
In base 15, what is -b0 - -1c?
-93
In base 5, what is 33 - 102?
-14
In base 7, what is 3 + -20?
-14
In base 6, what is -101 - -24?
-33
In base 7, what is -41 + 316?
245
In base 7, what is 104531 + 4?
104535
In base 7, what is -652 - -2?
-650
In base 6, what is -5 + 13?
4
In base 2, what is 1 - 10011?
-10010
In base 3, what is -10 - -11001?
10221
In base 6, what is 1211 + 11?
1222
In base 9, what is -77 + 2?
-75
In base 2, what is -1011001111 + -11?
-1011010010
In base 6, what is 35 - -42?
121
In base 6, what is -4 + 455?
451
In base 11, what is 325 - 3?
322
In base 10, what is -2 - -285?
283
In base 11, what is 148 - a?
139
In base 12, what is -11 - 1b10?
-1b21
In base 10, what is -2 + 243?
241
In base 15, what is 929b - -4?
92a0
In base 2, what is 0 + 110010001010?
110010001010
In base 4, what is 3332 - -11?
10003
In base 4, what is -200 + 120?
-20
In base 3, what is -20221 - 2?
-21000
In base 8, what is -20 - -11?
-7
In base 16, what is -3 + 36?
33
In base 12, what is -3065 + -3?
-3068
In base 10, what is 226 + -31?
195
In base 5, what is 4324 - 10?
4314
In base 15, what is -5 + 7a?
75
In base 11, what is 1 + -159a?
-1599
In base 5, what is 212 - -2?
214
In base 14, what is -5 - 23?
-28
In base 14, what is -7 - 33?
-3a
In base 13, what is -4 + -982?
-986
In base 6, what is -12142 - 2?
-12144
In base 2, what is -101101101101010 + 0?
-101101101101010
In base 12, what is 6 + 43?
49
In base 8, what is 710 - 11?
677
In base 8, what is -17 + -5?
-24
In base 10, what is -4 - 2530?
-2534
In base 11, what is 1 + 92?
93
In base 10, what is 10 + -310?
-300
In base 5, what is -13 - 14?
-32
In base 4, what is -102 - -310?
202
In base 16, what is -11 - -36?
25
In base 2, what is -1 - -101110?
101101
In base 11, what is 3 + 3?
6
In base 3, what is -111 + 2?
-102
In base 9, what is -21 + 531?
510
In base 16, what is e + 7?
15
In base 16, what is 21 - -2d0?
2f1
In base 14, what is -26 - 1a?
-42
In base 14, what is 96b + 2?
96d
In base 4, what is -10 - 103122?
-103132
In base 2, what is 10101 - -1001000010?
1001010111
In base 2, what is 10 - -101110?
110000
In base 13, what is 191 - -3?
194
In base 11, what is -2 + -144?
-146
In base 14, what is 0 - 55a?
-55a
In base 6, what is 1 + -142?
-141
In base 9, what is -22 - 27?
-50
In base 10, what is 3 - -241?
244
In base 15, what is 5c6 - -5?
5cb
In base 11, what is 1 + -3315?
-3314
In base 16, what is -d + -2a?
-37
In base 8, what is -5 + -164?
-171
In base 3, what is 2 + -11122?
-11120
In base 3, what is 101 + 1?
102
In base 8, what is 43 + -5?
36
In base 7, what is 16 + -226?
-210
In base 7, what is 456 + 16?
505
In base 12, what is 268 + 5?
271
In base 7, what is 2 - -6106?
6111
In base 13, what is -150 + 1b?
-132
In base 8, what is 0 - 65?
-65
In base 14, what is 284 - -a?
290
In base 16, what is -342 - d?
-34f
In base 13, what is 7a - -1b?
98
In base 4, what is 3 + -1021?
-1012
In base 12, what is 4 + 33?
37
In base 4, what is -2 + -320?
-322
In base 6, what is -1 - -21551?
21550
In base 3, what is 1110122121 + 11?
1110122202
In base 4, what is -11 - 10302?
-10313
In base 7, what is -23 + -40?
-63
In base 15, what is 0 + 341?
341
In base 14, what is 3 - 1?
2
In base 2, what is -101 + -10110?
-11011
In base 10, what is 130 - 7?
123
In base 6, what is -4 + 5323?
5315
In base 2, what is 111010111 + -10?
111010101
In base 14, what is -49 - 8?
-53
In base 9, what is 4 - -105?
110
In base 2, what is 1110110000100 + -100?
1110110000000
In base 8, what is -4 - 76?
-102
In base 10, what is -19104 + -5?
-19109
In base 5, what is -14 + -20?
-34
In base 15, what is 2 - -22?
24
In base 7, what is -4 - -1113?
1106
In base 4, what is 1 + 3100?
3101
In base 16, what is -de0b + 3?
-de08
In base 13, what is -3b - 14?
-52
In base 2, what is 1011001101 + 10?
1011001111
In base 14, what is 7 + 17?
20
In base 4, what is 3 + -12?
-3
In base 16, what is -1 + 1c3?
1c2
In base 9, what is 4 + -25?
-21
In base 16, what is -256 - 5?
-25b
In base 6, what is -2141 - 4?
-2145
In base 7, what is -31 + 645?
614
In base 4, what is 20 - 3113?
-3033
In base 14, what is 33 + -5?
2c
In base 5, what is 22 - 11?
11
In base 14, what is -89 + 3?
-86
In base 16, what is 1 + f7?
f8
In base 9, what is 341 - 3?
337
In base 15, what is 2 - 1a96?
-1a94
In base 15, what is 48 + 5?
4d
In base 15, what is -3 + 248?
245
In base 16, what is 60 - -12?
72
In base 4, what is 1 - 200132?
-200131
In base 11, what is -17418 + -4?
-17421
In base 12, what is 329 + 11?
33a
In base 8, what is -472 + -136?
-630
In base 12, what is -33b7 + -4?
-33bb
In base 13, what is -2 - 15?
-17
In base 8, what is -5 + -426?
-433
In base 2, what is -10011001 + 100?
-10010101
In base 7, what is -3 - -650?
644
In base 5, what is 10 + -1023?
-1013
In base 10, what is -18 + 764?
746
In base 9, what is 0 + 3088?
3088
In base 6, what is 2123 + 4?
2131
In base 3, what is 12 - 10000220?
-10000201
In base 13, what is 0 - 370?
-370
In base 3, what is -10201 + 2?
-10122
In base